{"id":9,"date":"2021-06-14T13:10:37","date_gmt":"2021-06-14T13:10:37","guid":{"rendered":"https:\/\/uartprevenir.ar\/?page_id=6"},"modified":"2026-01-07T16:17:32","modified_gmt":"2026-01-07T16:17:32","slug":"inicio","status":"publish","type":"page","link":"https:\/\/uartprevenir.ar\/","title":{"rendered":"Inicio"},"content":{"rendered":"<p>[et_pb_section fb_built=&#8221;1&#8243; disabled_on=&#8221;off|off|off&#8221; _builder_version=&#8221;4.19.4&#8243; _module_preset=&#8221;default&#8221; custom_padding=&#8221;2px||1px|||&#8221; link_option_url=&#8221;https:\/\/www.youtube.com\/channel\/UCbBBVhzr6QJYf0xldGp18qQ\/videos&#8221; link_option_url_new_window=&#8221;on&#8221; global_colors_info=&#8221;{}&#8221;][et_pb_row disabled_on=&#8221;off|off|off&#8221; _builder_version=&#8221;4.19.4&#8243; _module_preset=&#8221;default&#8221; width=&#8221;100%&#8221; max_width=&#8221;100%&#8221; custom_padding=&#8221;0px||0px|||&#8221; link_option_url=&#8221;https:\/\/www.youtube.com\/channel\/UCbBBVhzr6QJYf0xldGp18qQ\/videos&#8221; link_option_url_new_window=&#8221;on&#8221; global_colors_info=&#8221;{}&#8221;][et_pb_column type=&#8221;4_4&#8243; _builder_version=&#8221;4.16&#8243; _module_preset=&#8221;default&#8221; global_colors_info=&#8221;{}&#8221;][et_pb_gallery gallery_ids=&#8221;1183&#8243; fullwidth=&#8221;on&#8221; disabled_on=&#8221;off|off|off&#8221; _builder_version=&#8221;4.19.4&#8243; _module_preset=&#8221;default&#8221; link_option_url=&#8221;https:\/\/www.youtube.com\/channel\/UCbBBVhzr6QJYf0xldGp18qQ\/videos&#8221; link_option_url_new_window=&#8221;on&#8221; hover_enabled=&#8221;0&#8243; global_colors_info=&#8221;{}&#8221; sticky_enabled=&#8221;0&#8243;][\/et_pb_gallery][\/et_pb_column][\/et_pb_row][\/et_pb_section][et_pb_section fb_built=&#8221;1&#8243; _builder_version=&#8221;4.16&#8243; _module_preset=&#8221;default&#8221; background_color=&#8221;#eef0f1&#8243; bottom_divider_height=&#8221;50px&#8221; global_colors_info=&#8221;{}&#8221;][et_pb_row column_structure=&#8221;1_2,1_2&#8243; use_custom_gutter=&#8221;on&#8221; gutter_width=&#8221;2&#8243; make_equal=&#8221;on&#8221; _builder_version=&#8221;4.16&#8243; _module_preset=&#8221;default&#8221; width=&#8221;90%&#8221; max_width=&#8221;90%&#8221; global_colors_info=&#8221;{}&#8221;][et_pb_column type=&#8221;1_2&#8243; _builder_version=&#8221;4.16&#8243; _module_preset=&#8221;default&#8221; background_color=&#8221;#FFFFFF&#8221; border_radii=&#8221;on|25px|25px|25px|25px&#8221; box_shadow_style=&#8221;preset2&#8243; global_colors_info=&#8221;{}&#8221;][et_pb_blurb image=&#8221;https:\/\/uartprevenir.ar\/wp-content\/uploads\/2023\/05\/CURSOS-ICONO.png&#8221; _builder_version=&#8221;4.19.4&#8243; _module_preset=&#8221;default&#8221; text_orientation=&#8221;center&#8221; custom_margin=&#8221;||16px|||&#8221; custom_padding=&#8221;25px|15px|25px|15px|true|true&#8221; global_colors_info=&#8221;{}&#8221;]<\/p>\n<p><span>Formaci\u00f3n a distancia gratuita a trav\u00e9s del Campus FISO.<br \/>Cupos limitados. Certificaci\u00f3n FISO de curso realizado.<\/span><\/p>\n<p>[\/et_pb_blurb][et_pb_button url_new_window=&#8221;on&#8221; button_text=&#8221;M\u00c1S INFO&#8221; button_alignment=&#8221;center&#8221; _builder_version=&#8221;4.19.4&#8243; _module_preset=&#8221;default&#8221; custom_button=&#8221;on&#8221; button_text_color=&#8221;#FFFFFF&#8221; button_bg_color=&#8221;#ff6700&#8243; button_border_width=&#8221;-2px&#8221; custom_margin=&#8221;||30px||false|false&#8221; custom_padding=&#8221;||||false|false&#8221; global_colors_info=&#8221;{}&#8221;][\/et_pb_button][\/et_pb_column][et_pb_column type=&#8221;1_2&#8243; _builder_version=&#8221;4.16&#8243; _module_preset=&#8221;default&#8221; background_color=&#8221;#FFFFFF&#8221; border_radii=&#8221;on|25px|25px|25px|25px&#8221; box_shadow_style=&#8221;preset2&#8243; global_colors_info=&#8221;{}&#8221;][et_pb_blurb url=&#8221;https:\/\/uartprevenir.ar\/?page_id=118&#8243; image=&#8221;https:\/\/uartprevenir.ar\/wp-content\/uploads\/2023\/05\/SEMINARIO-ICONO.png&#8221; content_tablet=&#8221;<\/p>\n<p><span>Capacitaciones gratuitas para la <\/span><span>actualizaci\u00f3n profesional.<br \/>Cupos limitados. Certificados digitales de asistencia.<\/span><\/p>\n<p>&#8221; content_phone=&#8221;<\/p>\n<p><span>Capacitaciones gratuitas para la <\/span><span>actualizaci\u00f3n profesional.<br \/>Cupos limitados. Certificados digitales de asistencia.<\/span><\/p>\n<p>&#8221; content_last_edited=&#8221;on|tablet&#8221; _builder_version=&#8221;4.19.4&#8243; _module_preset=&#8221;default&#8221; text_orientation=&#8221;center&#8221; custom_margin=&#8221;||16px|||&#8221; custom_padding=&#8221;25px|15px|25px|15px|true|true&#8221; global_colors_info=&#8221;{}&#8221;]<\/p>\n<p><span>Capacitaciones gratuitas para la <\/span><span>actualizaci\u00f3n profesional.<br \/>Cupos limitados. Certificados digitales de asistencia.<\/span><\/p>\n<p>[\/et_pb_blurb][et_pb_button button_url=&#8221;https:\/\/www.youtube.com\/watch?v=ltlSrAunug0&#038;list=PLq5CssvR9lF8zA238X6m8YbtGBdpxlNG6&#8243; button_text=&#8221;VER GRABACIONES&#8221; button_alignment=&#8221;center&#8221; _builder_version=&#8221;4.19.4&#8243; _module_preset=&#8221;default&#8221; custom_button=&#8221;on&#8221; button_text_color=&#8221;#FFFFFF&#8221; button_bg_color=&#8221;#00afef&#8221; button_border_width=&#8221;-2px&#8221; custom_margin=&#8221;||30px||false|false&#8221; custom_padding=&#8221;||||false|false&#8221; global_colors_info=&#8221;{}&#8221;][\/et_pb_button][\/et_pb_column][\/et_pb_row][\/et_pb_section][et_pb_section fb_built=&#8221;1&#8243; _builder_version=&#8221;4.16&#8243; _module_preset=&#8221;default&#8221; global_colors_info=&#8221;{}&#8221;][et_pb_row _builder_version=&#8221;4.17.1&#8243; _module_preset=&#8221;default&#8221; global_colors_info=&#8221;{}&#8221;][et_pb_column type=&#8221;4_4&#8243; _builder_version=&#8221;4.17.1&#8243; _module_preset=&#8221;default&#8221; global_colors_info=&#8221;{}&#8221;][et_pb_code _builder_version=&#8221;4.19.4&#8243; _module_preset=&#8221;default&#8221; global_colors_info=&#8221;{}&#8221;]<a name=\"quees\"><\/a>[\/et_pb_code][\/et_pb_column][\/et_pb_row][et_pb_row column_structure=&#8221;1_3,2_3&#8243; _builder_version=&#8221;4.16&#8243; _module_preset=&#8221;default&#8221; global_colors_info=&#8221;{}&#8221;][et_pb_column type=&#8221;1_3&#8243; _builder_version=&#8221;4.16&#8243; _module_preset=&#8221;default&#8221; global_colors_info=&#8221;{}&#8221;][et_pb_image src=&#8221;https:\/\/uartprevenir.ar\/wp-content\/uploads\/2023\/04\/icono_mision.png&#8221; title_text=&#8221;icono_mision&#8221; url=&#8221;https:\/\/us06web.zoom.us\/webinar\/register\/WN_EYD0qll-QpWtTunKvSuCQw#\/registration&#8221; _builder_version=&#8221;4.19.4&#8243; _module_preset=&#8221;default&#8221; global_colors_info=&#8221;{}&#8221;][\/et_pb_image][\/et_pb_column][et_pb_column type=&#8221;2_3&#8243; _builder_version=&#8221;4.16&#8243; _module_preset=&#8221;default&#8221; global_colors_info=&#8221;{}&#8221;][et_pb_text _builder_version=&#8221;4.19.4&#8243; _module_preset=&#8221;default&#8221; global_colors_info=&#8221;{}&#8221;]<\/p>\n<p id=\"u16264-2\">Prevenir es un programa de formaci\u00f3n en seguridad y salud ocupacional organizado por la UART y coordinado por FISO, con el fin de brindar herramientas t\u00e9cnicas y conceptuales que promuevan la prevenci\u00f3n de riesgos laborales y los lugares de trabajo saludables.<\/p>\n<p id=\"u17264-7\"><span id=\"u17264-3\">Este programa se inici\u00f3 en el 2011 -declarado como el a\u00f1o del trabajo decente, la salud y la seguridad de los trabajadores (<\/span><a class=\"nonblock\" href=\"http:\/\/servicios.infoleg.gob.ar\/infolegInternet\/verNorma.do?id=178560\"><span id=\"u17264-4\">Decreto 75\/2011<\/span><\/a><span id=\"u17264-6\">)-\u00a0 con la misi\u00f3n de generar conciencia sobre la importancia y el valor de la seguridad y salud de los trabajadores.<\/span><\/p>\n<p id=\"u17264-9\">Desde su misi\u00f3n, el programa ofrece distintas modalidades de capacitaciones abiertas y gratuitas en Argentina, dirigidas a trabajadores, profesionales y estudiantes en las diferentes actividades econ\u00f3micas.<\/p>\n<p>[\/et_pb_text][et_pb_image src=&#8221;https:\/\/uartprevenir.ar\/wp-content\/uploads\/2023\/05\/UART-mas-FISO.png&#8221; title_text=&#8221;UART mas FISO&#8221; src_tablet=&#8221;https:\/\/uartprevenir.ar\/wp-content\/uploads\/2023\/05\/UART-mas-FISO.png&#8221; src_phone=&#8221;https:\/\/uartprevenir.ar\/wp-content\/uploads\/2023\/05\/UART-mas-FISO.png&#8221; src_last_edited=&#8221;on|tablet&#8221; align_tablet=&#8221;&#8221; align_phone=&#8221;center&#8221; align_last_edited=&#8221;on|phone&#8221; _builder_version=&#8221;4.19.4&#8243; _module_preset=&#8221;default&#8221; global_colors_info=&#8221;{}&#8221;][\/et_pb_image][\/et_pb_column][\/et_pb_row][\/et_pb_section][et_pb_section fb_built=&#8221;1&#8243; _builder_version=&#8221;4.16&#8243; _module_preset=&#8221;default&#8221; global_colors_info=&#8221;{}&#8221;][et_pb_row _builder_version=&#8221;4.16&#8243; _module_preset=&#8221;default&#8221; global_colors_info=&#8221;{}&#8221;][et_pb_column type=&#8221;4_4&#8243; _builder_version=&#8221;4.16&#8243; _module_preset=&#8221;default&#8221; global_colors_info=&#8221;{}&#8221;][et_pb_code _builder_version=&#8221;4.17.1&#8243; _module_preset=&#8221;default&#8221; global_colors_info=&#8221;{}&#8221;]<a name=\"instituciones\"><\/a>[\/et_pb_code][et_pb_text _builder_version=&#8221;4.16&#8243; _module_preset=&#8221;default&#8221; header_font=&#8221;|700|||||||&#8221; header_text_align=&#8221;center&#8221; global_colors_info=&#8221;{}&#8221;]<\/p>\n<h1>ARTs Asociadas a la UART<\/h1>\n<p>[\/et_pb_text][\/et_pb_column][\/et_pb_row][et_pb_row _builder_version=&#8221;4.19.4&#8243; _module_preset=&#8221;default&#8221; global_colors_info=&#8221;{}&#8221;][et_pb_column type=&#8221;4_4&#8243; _builder_version=&#8221;4.17.1&#8243; _module_preset=&#8221;default&#8221; global_colors_info=&#8221;{}&#8221;][et_pb_image src=&#8221;https:\/\/uartprevenir.ar\/wp-content\/uploads\/2025\/09\/LOGOS-ARTS-WEB.jpg&#8221; title_text=&#8221;LOGOS ARTS WEB&#8221; align=&#8221;center&#8221; src_tablet=&#8221;https:\/\/uartprevenir.ar\/wp-content\/uploads\/2023\/06\/LOGOS-ART_400x500.png&#8221; src_phone=&#8221;https:\/\/uartprevenir.ar\/wp-content\/uploads\/2025\/04\/ARTS.png&#8221; src_last_edited=&#8221;on|phone&#8221; _builder_version=&#8221;4.19.4&#8243; _module_preset=&#8221;default&#8221; global_colors_info=&#8221;{}&#8221;][\/et_pb_image][\/et_pb_column][\/et_pb_row][\/et_pb_section][et_pb_section fb_built=&#8221;1&#8243; _builder_version=&#8221;4.16&#8243; _module_preset=&#8221;default&#8221; global_colors_info=&#8221;{}&#8221;][et_pb_row _builder_version=&#8221;4.16&#8243; _module_preset=&#8221;default&#8221; global_colors_info=&#8221;{}&#8221;][et_pb_column type=&#8221;4_4&#8243; _builder_version=&#8221;4.16&#8243; _module_preset=&#8221;default&#8221; global_colors_info=&#8221;{}&#8221;][et_pb_text _builder_version=&#8221;4.16&#8243; _module_preset=&#8221;default&#8221; header_font=&#8221;|700|||||||&#8221; header_text_align=&#8221;center&#8221; global_colors_info=&#8221;{}&#8221;]<\/p>\n<h1>Apoyan el Prevenir<\/h1>\n<p>[\/et_pb_text][\/et_pb_column][\/et_pb_row][et_pb_row _builder_version=&#8221;4.17.1&#8243; _module_preset=&#8221;default&#8221; global_colors_info=&#8221;{}&#8221;][et_pb_column type=&#8221;4_4&#8243; _builder_version=&#8221;4.17.1&#8243; _module_preset=&#8221;default&#8221; global_colors_info=&#8221;{}&#8221;][et_pb_image src=&#8221;https:\/\/uartprevenir.ar\/wp-content\/uploads\/2024\/08\/LOGOS-INSTITUCIONES-DESK.jpg&#8221; title_text=&#8221;LOGOS INSTITUCIONES DESK&#8221; align=&#8221;center&#8221; src_tablet=&#8221;https:\/\/uartprevenir.ar\/wp-content\/uploads\/2021\/08\/LOGOS_inst_1000x300.png&#8221; src_phone=&#8221;https:\/\/uartprevenir.ar\/wp-content\/uploads\/2021\/08\/LOGOS_inst_500x400.png&#8221; src_last_edited=&#8221;off|desktop&#8221; _builder_version=&#8221;4.19.4&#8243; _module_preset=&#8221;default&#8221; global_colors_info=&#8221;{}&#8221;][\/et_pb_image][\/et_pb_column][\/et_pb_row][\/et_pb_section][et_pb_section fb_built=&#8221;1&#8243; _builder_version=&#8221;4.16&#8243; _module_preset=&#8221;default&#8221; background_color=&#8221;#eef0f1&#8243; use_background_color_gradient=&#8221;on&#8221; background_color_gradient_stops=&#8221;#eef0f1 51%|#d1d2d3 100%&#8221; background_color_gradient_start=&#8221;#eef0f1&#8243; background_color_gradient_start_position=&#8221;51%&#8221; background_color_gradient_end=&#8221;#d1d2d3&#8243; global_colors_info=&#8221;{}&#8221;][et_pb_row column_structure=&#8221;3_5,2_5&#8243; _builder_version=&#8221;4.16&#8243; _module_preset=&#8221;default&#8221; global_colors_info=&#8221;{}&#8221;][et_pb_column type=&#8221;3_5&#8243; _builder_version=&#8221;4.16&#8243; _module_preset=&#8221;default&#8221; global_colors_info=&#8221;{}&#8221;][et_pb_image src=&#8221;https:\/\/uartprevenir.ar\/wp-content\/uploads\/2023\/04\/signo_pregunta.png&#8221; title_text=&#8221;signo_pregunta&#8221; _builder_version=&#8221;4.19.4&#8243; _module_preset=&#8221;default&#8221; global_colors_info=&#8221;{}&#8221;][\/et_pb_image][\/et_pb_column][et_pb_column type=&#8221;2_5&#8243; _builder_version=&#8221;4.16&#8243; _module_preset=&#8221;default&#8221; global_colors_info=&#8221;{}&#8221;][\/et_pb_column][\/et_pb_row][et_pb_row column_structure=&#8221;2_3,1_3&#8243; _builder_version=&#8221;4.16&#8243; _module_preset=&#8221;default&#8221; global_colors_info=&#8221;{}&#8221;][et_pb_column type=&#8221;2_3&#8243; _builder_version=&#8221;4.16&#8243; _module_preset=&#8221;default&#8221; global_colors_info=&#8221;{}&#8221;][et_pb_accordion _builder_version=&#8221;4.19.4&#8243; _module_preset=&#8221;default&#8221; custom_margin=&#8221;||||false|false&#8221; custom_padding=&#8221;||||false|false&#8221; global_colors_info=&#8221;{}&#8221;][et_pb_accordion_item title=&#8221;\u00bfC\u00f3mo me inscribo en las capacitaciones?&#8221; open=&#8221;on&#8221; _builder_version=&#8221;4.19.4&#8243; _module_preset=&#8221;default&#8221; global_colors_info=&#8221;{}&#8221;]<\/p>\n<p>Para inscribirte en los Cursos virtuales podes escribirnos a la casilla hola@uartprevenir.org.ar\u00a0 y para los Seminarios Virtuales por Zoom hace <a href=\"https:\/\/uartprevenir.ar\/?page_id=118\">click aqu\u00ed<\/a>.<\/p>\n<p>[\/et_pb_accordion_item][et_pb_accordion_item title=&#8221;\u00bfSe entregan certificados?&#8221; _builder_version=&#8221;4.16&#8243; _module_preset=&#8221;default&#8221; global_colors_info=&#8221;{}&#8221; open=&#8221;off&#8221;]<\/p>\n<p>Para los cursos virtuales el requisito para recibir el certificado virtual es aprobar con un 70% o m\u00e1s la autoevaluaci\u00f3n final. De ser as\u00ed, se enviar\u00e1 v\u00eda e-mail el comprobante de la cursada dentro de los 15 d\u00edas posteriores al cierre de la edici\u00f3n.<br \/>Con respecto a los seminarios virtuales, se env\u00edan v\u00eda e-mail a los 15 d\u00edas posterior a la fecha de la actividad.<\/p>\n<p>[\/et_pb_accordion_item][et_pb_accordion_item title=&#8221;\u00bfC\u00f3mo se reclama un certificado?&#8221; _builder_version=&#8221;4.16&#8243; _module_preset=&#8221;default&#8221; global_colors_info=&#8221;{}&#8221; open=&#8221;off&#8221;]<\/p>\n<p>Enviar un e-mail hola@uartprevenir.org.ar, mencionando su nombre completo, DNI, fecha y curso que realiz\u00f3.<\/p>\n<p>[\/et_pb_accordion_item][\/et_pb_accordion][\/et_pb_column][et_pb_column type=&#8221;1_3&#8243; _builder_version=&#8221;4.16&#8243; _module_preset=&#8221;default&#8221; global_colors_info=&#8221;{}&#8221;][\/et_pb_column][\/et_pb_row][\/et_pb_section]<\/p>\n","protected":false},"excerpt":{"rendered":"<p>Formaci\u00f3n a distancia gratuita a trav\u00e9s del Campus FISO.Cupos limitados. Certificaci\u00f3n FISO de curso realizado.Capacitaciones gratuitas para la actualizaci\u00f3n profesional.Cupos limitados. Certificados digitales de asistencia.Prevenir es un programa de formaci\u00f3n en seguridad y salud ocupacional organizado por la UART y coordinado por FISO, con el fin de brindar herramientas t\u00e9cnicas y conceptuales que promuevan la [&hellip;]<\/p>\n","protected":false},"author":1,"featured_media":0,"parent":0,"menu_order":0,"comment_status":"closed","ping_status":"closed","template":"","meta":{"_et_pb_use_builder":"on","_et_pb_old_content":"","_et_gb_content_width":"","footnotes":""},"class_list":["post-9","page","type-page","status-publish","hentry"],"_links":{"self":[{"href":"https:\/\/uartprevenir.ar\/index.php?rest_route=\/wp\/v2\/pages\/9","targetHints":{"allow":["GET"]}}],"collection":[{"href":"https:\/\/uartprevenir.ar\/index.php?rest_route=\/wp\/v2\/pages"}],"about":[{"href":"https:\/\/uartprevenir.ar\/index.php?rest_route=\/wp\/v2\/types\/page"}],"author":[{"embeddable":true,"href":"https:\/\/uartprevenir.ar\/index.php?rest_route=\/wp\/v2\/users\/1"}],"replies":[{"embeddable":true,"href":"https:\/\/uartprevenir.ar\/index.php?rest_route=%2Fwp%2Fv2%2Fcomments&post=9"}],"version-history":[{"count":148,"href":"https:\/\/uartprevenir.ar\/index.php?rest_route=\/wp\/v2\/pages\/9\/revisions"}],"predecessor-version":[{"id":1184,"href":"https:\/\/uartprevenir.ar\/index.php?rest_route=\/wp\/v2\/pages\/9\/revisions\/1184"}],"wp:attachment":[{"href":"https:\/\/uartprevenir.ar\/index.php?rest_route=%2Fwp%2Fv2%2Fmedia&parent=9"}],"curies":[{"name":"wp","href":"https:\/\/api.w.org\/{rel}","templated":true}]}}